 + 2*d - 122 = 0. Calculate the remainder when t/12*(22 + -2) is divided by 20.
15
Suppose 5*m = 6*m + 2*z - 135, 3 = 3*z. What is the remainder when 3652/38 + (-14)/m is divided by (-2 + -2)*33/(-4)?
30
Calculate the remainder when 23 is divided by (15/(-9) - -1)/((-10)/105).
2
Let a(z) = z**3 - 6*z**2 - 1. Let f = -8 + 14. Let s be a(f). Let j = s - -10. What is the remainder when j is divided by 4?
1
Let g be (-3)/2*2 - (-72 + 29). Let w = 3 + g. What is the remainder when 125 is divided by w?
39
What is the remainder when (-4)/18 + 18232/477 is divided by 13?
12
Suppose 8*d - 4386 = -35*d. Let t = -26 + 52. What is the remainder when d is divided by t?
24
Suppose -7*r = -3*r - 8. Suppose -s + 13 = i, 0 = -2*i + s + 30 + r. Calculate the remainder when 88 is divided by i.
13
Let s = 5817 - 5807. Calculate the remainder when (0 + 51)*8/6 is divided by s.
8
Suppose -4*i - i = -615. Let y = 85 + -43. Calculate the remainder when i is divided by y.
39
Suppose 3*t + 3*l = 7*t + 21, -2*t - 16 = 4*l. Let j be 4/(t + (3 - -1)). What is the remainder when 51 is divided by j*8/(-4) + 14?
15
Suppose -3*a - 3*p = 2*p - 2206, -3726 = -5*a + 4*p. Suppose 5*t = 3*d - 9 + 82, -d = -3*t + 43. What is the remainder when (-4)/18 + a/18 is divided by t?
13
Suppose -2*r = 4*r - 1104. Let d = r - 127. Calculate the remainder when d is divided by (-4)/10 - (-204)/10.
17
Suppose 0 = -18*a + 20*a + 54. Let y = 39 + a. What is the remainder when 18 is divided by y?
6
Suppose 0*j = -5*j + 65. Calculate the remainder when 18 is divided by 2*12/(-8) + j.
8
Let c(b) = 2*b**2 + 8*b - 5. Calculate the remainder when c(-8) is divided by 2/(-20)*2 + 1515/75.
19
Let g = 313 + -172. Calculate the remainder when g is divided by 50.
41
Let v(o) = o**3 + 3*o**2 - o - 4. Let y be v(-3). Let x be (2 - 0)/y + -1. Calculate the remainder when 19 is divided by x + 16/((-2)/(-1)).
4
Let w be 2*((-12)/3 + 0). Calculate the remainder when (-25)/(-5) + (4 + -4 - -44) is divided by (w/(-10))/((-4)/(-130)).
23
Let a be 19/(-76) + (-2)/(-8). Suppose -p + 3*p - 102 = a. Calculate the remainder when p is divided by 28.
23
Suppose 4*p = -2*z - p + 188, 3*z - 296 = -4*p. Calculate the remainder when 935 is divided by z.
103
Let m = -2 + 57. What is the remainder when m is divided by 1/(14/(-28)*(-4)/30)?
10
Suppose 0*f - 4*f = -280. Suppose 4 = 3*g - 146. Let n = f - g. What is the remainder when 59 is divided by n?
19
Calculate the remainder when -20*(8/6)/(11/(-33)) is divided by 37.
6
Let n(b) = -b**2 + 3*b + 4. Let w be n(4). Suppose w = -0*i - 5*i + 400. Let c = -22 + i. What is the remainder when c is divided by 30?
28
Suppose -4*d = 2*l + 20 - 94, l - 61 = 4*d. Let v = -14 + 16. Calculate the remainder when l is divided by v + ((-1)/2)/(3/(-84)).
13
Suppose -l = 3*l. Suppose l = 7*o - 5*o - 34. What is the remainder when 67 is divided by o?
16
Let v = -5 + 5. Let w(i) = -i**2 + 0*i - i + 2*i + 30 + 0*i**2. What is the remainder when w(v) is divided by 17?
13
Let m(d) = -d**3 + 27*d**2 - 24*d - 29. Let w be m(26). Suppose w*r + 192 = 27*r. What is the remainder when r is divided by 13?
9
Suppose 20 = 6*p - 4. Suppose 0 = 5*j - 3*j - 38. Calculate the remainder when j is divided by p.
3
Suppose 9*i - 355 = -31. Calculate the remainder when 230 is divided by i.
14
Let m(i) = -i + 181. What is the remainder when 511 is divided by m(13)?
7
Suppose 5*y + 33 + 2 = 0. What is the remainder when (4 - 320/(-35))*y/(-2) is divided by 29?
17
Let q(l) be the second derivative of l**4/12 - 3*l**3/2 + l**2/2 + 8*l. What is the remainder when 75 is divided by q(10)?
9
Let z(l) = l**3 + 11*l**2 + 10*l + 15. Let v(s) = -s**2 + 14*s + 3. Let g be v(11). What is the remainder when (-4 + g/8)*118 is divided by z(-10)?
14
Let x be 25/2 + 3/6. Suppose 0 = -5*o - 6 - 34. Let f = o + x. What is the remainder when 23 is divided by f?
3
Suppose 2*c - 82 = -12. Suppose -6*b + 13*b = c. What is the remainder when 37 is divided by b?
2
Let q be -4 - (9/(-1) - 1). Suppose q*x + 0*x - 48 = 0. What is the remainder when 61 is divided by x?
5
Suppose 1 = -l + 6. Suppose -4*r + 12 = 3*x + 1, 0 = 3*x - 4*r + 5. What is the remainder when (3 - (x - -3))*-8 is divided by l?
3
Suppose 0 = -4*k + t + 58, -28*k + 3*t - 21 = -29*k. Let m(y) = -10*y**3 + 3*y**2 + 4*y + 3. Calculate the remainder when m(-2) is divided by k.
12
Suppose 4*q + 76 = -3*s, 0 = -0*q + 4*q - 8. Let c = -24 - s. Let i(v) = v**2 - 7*v + 3. What is the remainder when i(8) is divided by c?
3
Suppose 5*b - 198 = 17. Suppose -10*d = 62 - 212. Calculate the remainder when b is divided by d.
13
Let m = 121 + -38. Suppose -13 = -3*n + m. What is the remainder when n is divided by 12?
8
Let l = -40 + 66. What is the remainder when (-2)/3*2472/(-16) is divided by l?
25
Suppose -139 = -5*o - 2*b, 4*b - 49 = -2*o + b. Suppose s - 3*i + 0 = 124, -2*i - 6 = 0. Calculate the remainder when s is divided by o.
28
Calculate the remainder when (-75 + -1)*(-17 + (-105)/(-10)) is divided by 62.
60
Suppose 3*u + 5 = 32. Suppose 2*x - u = -j, 2*j = -0*x + 4*x - 14. Calculate the remainder when 38 + j - (-9 + 9) is divided by 14.
11
Let m = 338 - 581. What is the remainder when (-31050)/m - 2/(-9) is divided by 26?
24
Let l(o) = 9*o**2 - 6*o - 7. Let s be l(-4). Let d = 5 + s. Suppose -2 = -4*g + d. What is the remainder when g is divided by 11?
9
Let f(v) = 2*v**2 + 2*v + 6. Let b(t) = 8*t - 8. Let m be b(-3). What is the remainder when f(-6) is divided by 228/10 - (m/10 + 3)?
20
Let s(q) = 3*q**2 - 14*q - 116. Calculate the remainder when s(12) is divided by 9.
4
Suppose -4*n = -10 - 2. Suppose n*c = c - 2. Let i = 1 - c. What is the remainder when 2 is divided by i?
0
Suppose -29*n = -12*n - 493. Suppose h - 28 = 29. What is the remainder when h is divided by n?
28
What is the remainder when 9 is divided by (9 - (-632)/(-72)) + (-25)/(-9)?
0
Let u = 2013 + -1753. Calculate the remainder when u is divided by 66.
62
Suppose 3*o = 2*w + 169, -w = -5*w - 8. Suppose -8*f - 3*z + o = -4*f, 0 = -3*f + 4*z + 60. Calculate the remainder when 55 is divided by f.
7
Suppose -5*p + 4 = -16. Suppose g - p = -3*g. What is the remainder when ((-4)/3)/(4/(-6)) is divided by g?
0
Suppose -3*m = -34 + 16. What is the remainder when m is divided by 2?
0
Let h be 4*(-3)/60 - (-1382)/10. Suppose -2*a = -4*x - h, -a = 2*a - 2*x - 227. What is the remainder when a is divided by 40?
39
Let r(m) be the third derivative of -m**5/60 + 7*m**4/8 - 2*m**3 + 17*m**2. What is the remainder when r(18) is divided by 12?
6
Let l(i) = i**2 + 17*i**2 - 6*i**2 + 7*i**2 + 11 - i**3. Calculate the remainder when 76 is divided by l(19).
10
Let u be -3 - ((-2)/8 - (-465)/(-12)). Suppose 24*c = 22*c + u. What is the remainder when 33 is divided by c?
15
Let v(a) = -a**2 - 5*a + 9. Let h be v(-6). Suppose 0 = 3*w + 3*r - 4 - 35, h*w - 39 = 5*r. Calculate the remainder when w is divided by 7.
6
Let q = -890 + 2095. What is the remainder when q is divided by 134?
133
Suppose -6963 = 4*n - 7191. Calculate the remainder when 333 is divided by n.
48
What is the remainder when 229 is divided by 5094/42 - (-16)/(-56)?
108
Let g = 150 - 141. Suppose 8*o + 41 = g*o. Calculate the remainder when o is divided by 6.
5
Suppose 0 = 5*r + 11 + 14. Let w(f) = f + 7. Let g be w(r). Calculate the remainder when 53 is divided by ((-20)/(-15))/(g/21).
11
Let o(a) = 10*a**2 + 4*a - 21. What is the remainder when o(-7) is divided by 26?
25
Let f = 2288 + -1249. Calculate the remainder when f is divided by 13.
12
Let n(f) = -50*f + 941. Calculate the remainder when n(15) is divided by 56.
23
Let c = -277 + 290. Let s = 39 + -13. Calculate the remainder when s is divided by c.
0
Let d = -1324 - -1414. Calculate the remainder when 718 is divided by d.
88
Let c(t) be the first derivative of t**4/4 - t**3 - 3*t**2/2 + t + 2. Let m = 58 + -54. Calculate the remainder when 9 is divided by c(m).
4
Let d be (88/(-33))/((-1)/(-3)). Let u be (2 - 2) + -1 - 76. Let b = d - u. What is the remainder when b is divided by 18?
15
Let w(x) = -x + 8. Let v be w(5). Let g be (6 - 6/2)*v. What is the remainder when 13 is divided by (-18)/(-4) + g/(-18)?
1
Let r(g) = -g**3 - 27*g**2 + 9*g**2 + 4*g + 14*g**2 + 4. What is the remainder when 88 is divided by r(